4
Suppose -3*s + 2*n + 55 + 396 = 0, 3*s - 443 = 4*n. What is the tens digit of s?
5
Let w(p) = -p**2 - 9*p - 6. Let a be (-138)/18 + (-1)/3. Let r be w(a). Suppose 3*f + 4*l - 94 = 5*l, 5*l - 40 = -r*f. What is the tens digit of f?
3
Let x(r) = 66*r - 65*r + 0 + 3*r**2 - 2. What is the tens digit of x(5)?
7
Let n(g) = -g**3 - g**2 - 2*g + 1. Let b be n(2). What is the tens digit of (-1190)/b*(-3)/(-2)?
1
Let f(d) = 11*d**3 - 6*d**2 - 3 - 4*d**3 + 8*d**2 - 3*d. Let p be f(-2). Let b = p + 76. What is the units digit of b?
1
Let a be 2/6 - 220/66. Let r be 2/12*a*8. What is the units digit of (3/9)/(r/(-108))?
9
Suppose -13*d = -9*d - 8. Suppose 22 = -d*h + 4*h. What is the tens digit of h?
1
Let k be (8/1)/((-22)/(-165)). Let r = -20 + k. What is the units digit of r?
0
Suppose -5*f = -3 - 2. Suppose f = -6*z + 97. What is the tens digit of z?
1
Let h = 18 - 4. Suppose 0 = -3*z - 8*u + 3*u - 6, -u = 3. What is the units digit of z/6*(0 + h)?
7
Let o = -1718 - -3309. What is the tens digit of o?
9
Let y(v) = 15*v - 267. What is the units digit of y(42)?
3
Suppose r + 4182 = 2*h - 536, 0 = -5*r - 10. What is the units digit of h?
8
Suppose -3*o = 9 + 27. What is the units digit of ((-123)/o)/(5/40)?
2
Suppose 0 = 8*v - 4*v - 36. Let l be -4 + 3 - (-1 - v). Suppose 2*t + 3*z - l = 22, 4*t + 4*z = 56. What is the tens digit of t?
1
Let s be (1/3 - 1) + 424/159. Suppose 888 = -s*n + 8*n. What is the units digit of n?
8
Let x = 5 - 0. Suppose 133 = 3*q - 4*t - t, -x*q - 3*t = -233. What is the units digit of q?
6
Suppose -72 - 2 = m. Let g = 48 - m. What is the hundreds digit of g?
1
Suppose -2*w + 2300 = -5*l - 327, -3*l = -3*w + 3963. What is the units digit of w?
6
Let m be (-1 - -3) + (0 - -1). Suppose 4 = m*z - 47. Suppose -9 = o - 8*x + 3*x, 2*o = 3*x + z. What is the units digit of o?
6
Let j(n) = 20*n - 104. What is the tens digit of j(14)?
7
Let j(l) = 128*l**2 + 8*l - 19. What is the hundreds digit of j(3)?
1
Suppose 3*c + 3*o + 21 = 0, -5*c + 2*o = -o + 3. Let q be (c + 1 + 0)*-1. Suppose 4*b = -5*p + 71, 4*b = q*p - 0*p - 6. What is the tens digit of p?
1
What is the units digit of -4 + -3 + 273 + 1?
7
Let r(q) = -2*q**2 - 20*q + 3. Let v be r(-10). Suppose -339 = -4*o - v. What is the tens digit of o?
8
Let u be 436/22 + (-4)/(-22). Let l be 10/(-15) - u/6. What is the units digit of l/(-3 - 33/(-12))?
6
Let p = -6 + 8. Suppose 26*y = 5*y. Suppose 5*d + y*g + p*g - 137 = 0, 5*d = 5*g + 165. What is the units digit of d?
9
Suppose 5*q - 1981 = -9*f + 8*f, 3*q + 3*f - 1191 = 0. What is the units digit of q?
6
Let h = 1367 - -445. What is the thousands digit of h?
1
Let i(j) = 3*j**2 - 39*j - 13. Let n be (-5)/(15/(-16))*6/2. What is the tens digit of i(n)?
3
Let w be (-26)/6 + 4/3. Let s be w/2 + (-262)/(-4). Let y = s + 11. What is the tens digit of y?
7
Let i(v) = 2*v + 28. Let s be i(0). What is the tens digit of (-1)/7 + 2356/s?
8
Let o(b) be the second derivative of b**5/60 - b**4/24 - b**3/6 + b**2/2 - 6*b. Let g(a) be the first derivative of o(a). What is the units digit of g(-3)?
1
Let d = 648 + 1336. What is the units digit of d?
4
Let m be (2/(-4)*1)/(5/(-40)). Suppose -2*i - 4 = 0, -3*v + m*v - 4*i = 191. What is the hundreds digit of v?
1
Let l = 51 - 48. Suppose l*h + 5*z = 2*h + 41, -2*h - z = -100. What is the units digit of h?
1
Suppose -2*y - 393 = -4*b + 901, 1635 = 5*b + y. Let m = 516 - b. What is the units digit of m?
0
Let u be (-4)/16 - 7/4. Let p(b) = -28*b**2 - 2*b - 1. Let a(q) = 112*q**2 + 8*q + 4. Let g(h) = u*a(h) - 9*p(h). What is the units digit of g(-1)?
7
Suppose 0 = -l + 5*w + 37, 3*w - 10 - 35 = -5*l. Let j be (-6)/(-3) - (l - 3). Let a = 12 + j. What is the units digit of a?
5
Let y be 3*2*(-2)/6. Let q be 68/11 - y/(-11). What is the units digit of 128/(-24)*q/(-4)?
8
What is the tens digit of ((-30)/10)/(-24) - (-4655)/8?
8
Suppose -4*x - 9 = 3, 5*l - 1311 = 2*x. What is the hundreds digit of l?
2
What is the thousands digit of 41859/27 - 4/(-6)?
1
Let f(h) = 3*h - 9. Suppose -10*p + 8*p + 4 = 0. Let y(l) = 5*l - 19. Let r(g) = p*y(g) - 5*f(g). What is the units digit of r(-6)?
7
Let t(b) = b**3 + 17*b**2 - 42*b + 46. What is the tens digit of t(-13)?
6
Suppose -367 = -4*h - 5*k + 190, 0 = -3*h - 2*k + 416. Suppose -5*j + 4*p + 353 = p, 2*j - 2*p - h = 0. What is the tens digit of j?
7
Suppose 1870 = v + 3*l, 2*v - v + 4*l = 1867. What is the thousands digit of v?
1
Let u = -140 + 99. Let d = 23 + u. Let o = d - -22. What is the units digit of o?
4
What is the hundreds digit of (-6 - 6/(-1)) + 226?
2
Let a(j) = 225*j - 166. What is the units digit of a(15)?
9
Let k(f) = -f**3 - 5*f**2 + 6*f + 12. Let q be k(-6). Suppose -q = -o + 23. What is the units digit of o?
5
What is the hundreds digit of ((-6)/(-4))/(120/97520)?
2
Let l(w) = 4*w**3 - 49*w**2 - 58. What is the units digit of l(15)?
7
Let d(a) = 921*a**3 - 9*a + 8. What is the units digit of d(1)?
0
Suppose u - 1 = -0. Let y(n) = 26*n**2 + n + 1. What is the units digit of y(u)?
8
Let v(j) be the third derivative of -j**4/8 + 5*j**2. What is the units digit of v(-2)?
6
Let y be 1 + (-1 - -1) - 36. Let b(i) = -3*i**2 + i - 13. Let q be b(4). Let d = y - q. What is the tens digit of d?
2
Let v(q) = -4*q**2 - 5*q - 4. Let p be v(-2). Let n be p/(-80) + 46/16. Suppose 5*y - l = y + 224, -224 = -4*y + n*l. What is the units digit of y?
6
Suppose 0 = 2*p + 740 - 2486. What is the units digit of p?
3
Suppose -15 + 3 = 3*v. Let g be 8*(-3)/48*v. Suppose 62 = 2*d - 2*x, -2*d + g*x + 2*x + 54 = 0. What is the units digit of d?
5
Suppose -359 - 1981 = -4*z + 4*o, -2*o = -4*z + 2338. What is the tens digit of z?
8
Let l(d) = -d**3 - 15*d**2 - 7*d - 30. Let h be l(-15). Let x = h + -72. What is the units digit of x?
3
Let a = -23 + 28. Suppose a*f - 3*f = 2. What is the tens digit of f*4 + (-285)/(-5)?
6
Suppose -o - 3*y + 25 = -3*o, -y = 3*o + 43. Let l be 2*1 + 14/o. What is the tens digit of 492/(-24)*(-2)/l?
4
What is the tens digit of 3/(45/1254) + 24/(-40)?
8
Suppose 5*c = 21 - 81. Let z(g) = -11*g - 5. What is the units digit of z(c)?
7
Let w = -260 - -134. Let k = -85 - w. What is the units digit of k?
1
Let d = 42 + -40. Let j be d/((-1)/(-3 + -1)). Suppose -224 = -j*n - 32. What is the units digit of n?
4
Suppose -5*r - 105 = -10*r. Suppose 5 = 2*k - r. What is the units digit of k?
3
Let j(c) = -c**3 + 2*c**2 - 5*c + 5. Let q be j(4). Let i = q + 19. What is the tens digit of (-356)/i + 4/14?
1
Suppose -2*v + 3*d = -3227, -5*d + 1624 = v - 3*d. What is the units digit of v?
8
What is the hundreds digit of (2/(-3))/(-3 - 2508/(-837))?
1
Suppose 5*u - 1648 = 2*o, -700 + 39 = -2*u - o. Suppose 0 = 3*w - 4*t - 485, 4*t + 473 = 5*w - u. What is the tens digit of w?
5
Suppose -y = -0*g + g - 12, -4*g + 12 = y. Suppose 0 = -y*l - 21 + 417. What is the units digit of l?
3
Let w be 97/9 + 6/27. Let t be w/4 + (-3)/(-12). Suppose -5*p = -q + 10 + 4, t*q = -p + 42. What is the units digit of q?
4
Let y(x) = -6*x + 3*x + x**2 + 3*x**2 - 6*x. Let o be y(6). Let t = o - 41. What is the units digit of t?
9
Let w(j) = 61*j**2 - 23*j + 108. What is the thousands digit of w(7)?
2
Let x = 14 - -13. Suppose -i + x + 152 = 0. Suppose i = 5*m + 3*d, -2*m + d - 29 = -94. What is the units digit of m?
4
Suppose 1326 = 4*s - 19*l + 14*l, 5*l = -5*s + 1635. What is the units digit of s?
9
Let f(j) = 445*j - 166. What is the thousands digit of f(5)?
2
Suppose -3 = -3*w + 3. Let c be (-4964)/16 + w/8. What is the tens digit of c/(-7) + 16/(-56)?
4
Suppose -1 + 9 = 2*n. Let b(v) = 12*v**2 - 3*v + 0*v**2 - 31 - n*v**3 + 5*v**3 + 14. What is the tens digit of b(-12)?
1
Suppose -4*z = 3*b - 5, -3*b = 2*z + 2*b + 15. Let x = 57 - z. Suppose x = f - 7*a + 3*a, 0 = 3*a + 12. What is the tens digit of f?
3
Let k(l) = l**3 + l**2 + l - 4. Suppose 2*f - c - 8 = 0, 2*c = -2*f + 5*c + 16. What is the tens digit of k(f)?
1
Suppose 0 = 41*n - 11*n - 7200. What is the units digit of n?
0
Let o = -112 - -692. What is the hundreds digit of o?
5
Let n be ((-2)/6)/((-1)/12). Suppose i + 2*a = 18, -3 - 1 = n*a. What is the units digit of 45 + 5/(i/16)?
9
Let z(m) = 12*m - 16. Let s be z(-7). Let h = -48 - s. What is the tens digit of h?
5
Let h(w) be the second derivative of -2*w**3/3 + 4*w